d) = -3*d + 21. Let n be f(6). Suppose -o = x - 315, -5 = n*x + 4. What is the units digit of o?
8
Let r(u) = 15*u**2 - 42*u - 9. Let t = -84 - -91. What is the hundreds digit of r(t)?
4
Let q be 1/((-1)/(-521)*-1). Let x be 1/((-756)/755 + (-5)/(-5)). Let y = q - x. What is the tens digit of y?
3
What is the units digit of 13*2/143 + 28486/22?
5
Let z be ((-2)/(-1) + -30)*(-5)/10. Suppose -3*j = 4*j + z. What is the units digit of 104/5*(-5)/j?
2
Let m(c) = 441*c**2 + 11*c - 16. What is the tens digit of m(-7)?
1
Suppose -3*f + 28866 + 72961 = 4*p, -11*p = 5*f - 280034. What is the thousands digit of p?
5
Suppose 10*y - 63 = 11*y. Suppose 5*n + p = -1037 + 125, -p = 4*n + 730. What is the tens digit of -3*(n/y)/((-4)/30)?
6
Let m(f) be the first derivative of f**4/4 - 8*f**3/3 + 7*f**2/2 - 6*f - 37. Let s be m(7). Let h(r) = 4*r**2 - 8*r - 22. What is the hundreds digit of h(s)?
1
Suppose -201*i - 1711285 + 4511416 = 0. What is the hundreds digit of i?
9
Let i be -8*1/(-2) + 8342/2. Suppose b = 4*h - i, 2084 = 2*h - 12*b + 8*b. What is the tens digit of h?
4
Suppose 2128012 + 1880684 = 456*c. What is the thousands digit of c?
8
Suppose -56*v = -60*v + 12. Suppose -510 = -v*t + 1485. What is the units digit of t?
5
Let m(s) be the second derivative of 29*s**3/6 - 31*s**2/2 + 66*s. What is the hundreds digit of m(8)?
2
Let c = 282 + -492. Let j = 362 - c. What is the hundreds digit of j?
5
Let l be 8*((-215)/(-4))/5. Suppose -17*w = -9*w + 352. Let b = l - w. What is the hundreds digit of b?
1
Suppose 8*b + i = 13*b - 230636, 4*b - 5*i = 184513. What is the units digit of b?
7
Let o(x) = -54*x**3 + 2*x + 3. Let q be o(-1). Suppose 10*r = -r + q. Let h(v) = 2*v**2 + 7*v + 1. What is the tens digit of h(r)?
8
Suppose -3*d + 15936 + 4218 + 1665 = 0. What is the tens digit of d?
7
Let l be ((-4)/(-6))/(24/(-27) - -1). Let j be (l/4)/(6/192). What is the tens digit of (-1 + 28)/(18/j)?
7
Let n be (9/(-5))/(21/(-70)). Suppose -5*h + 216 = -n*f + 4*f, f + 45 = h. Let j = h - -13. What is the units digit of j?
5
Suppose -2*k - 5*p - 17 = 0, k + 3*p = -13 + 2. Suppose -618 + 126 = -k*g. What is the hundreds digit of g?
1
Let m be ((-5 - -8) + 2)/(2/(-2)). Let a(j) = -4*j**3 - 6*j**2 - 7*j + 14. What is the tens digit of a(m)?
9
Let x = -15 + 5. Let f = 6 + x. Let g = f + 29. What is the tens digit of g?
2
Suppose -33*d + 140 + 520 = 0. What is the hundreds digit of ((-21)/12)/7 + 21725/d?
0
What is the ten thousands digit of (15813648/90)/4 - 18/(-15)?
4
Let b(q) = 2651*q + 466. What is the ten thousands digit of b(13)?
3
Suppose 12*z - 247240 = 7*z - 5*i, 0 = -5*z - i + 247232. What is the tens digit of z?
4
Let h(f) = -23*f**3 - 261*f**2 - 20*f + 5. What is the tens digit of h(-13)?
8
Suppose 8*w - 957 - 1499 = 0. Suppose 3*t - w = -10*c + 5*c, 2*c = -5*t + 518. Let f = -37 + t. What is the units digit of f?
7
Let s = -24133 - -66405. What is the ten thousands digit of s?
4
Suppose -47*i + 45*i - 5*q = -58749, -3 = -3*q. What is the thousands digit of i?
9
Suppose 56 = 10*o - 254. Suppose 10*n + o = 81. Suppose m = -4*i + 57, m - 67 = n*i - 4*i. What is the units digit of m?
5
Let k = -1349 + 22355. What is the hundreds digit of k?
0
Suppose 24*y + 5*h = 20*y + 385, 0 = 4*h + 12. Suppose -y*q + 88*q = -4572. What is the units digit of q?
1
Let s(o) = -o**2 - 19*o - 19. Let g be s(-19). Let c = 13 - g. What is the units digit of c?
2
Let o = -4947 + 47344. What is the thousands digit of o?
2
Let c(o) = -1783*o + 2384. What is the hundreds digit of c(-5)?
2
Let s = 11 + -23. Let f be (21/s)/(1/4) - 0. Let i(z) = 4*z**2 + 7*z - 7. What is the hundreds digit of i(f)?
1
Let a(i) = -2*i**2 - 8*i - 81. Let x be a(-12). Let s = 476 + x. What is the tens digit of s?
0
Suppose -5*v + 6*v + 1 = 0. Let r = 4 + v. Suppose x = s - 33, -2*s = -r*s + 2*x + 32. What is the units digit of s?
4
Suppose -108270 = -3*a + 3*u, -5*u - 108266 = 7*a - 10*a. What is the hundreds digit of a?
0
Let x(w) = -1. Let z(n) = -4*n**2 - n - 11. Let m(u) = 3*x(u) - z(u). Let g be (-21)/(-6) - -3*6/36. What is the tens digit of m(g)?
7
Suppose -3*b + 7*b - 2 = -3*z, 2*z - 4 = -4*b. Suppose s + 220 = 4*v - 0*s, 4*s + 110 = b*v. Suppose 22*r = 17*r + v. What is the tens digit of r?
1
Suppose 5*a + 6*s - 21 = 3*s, -4*s = 3*a - 17. Suppose -i - 134 = -2*z - a*z, 0 = -3*i - 4*z - 345. Let b = i - -210. What is the tens digit of b?
9
Suppose 17*q - 15*q = 4. What is the hundreds digit of (-1)/(2/(-424)) - q/(-1)?
2
What is the units digit of (139695/139)/((-1)/(-3)) - 2?
3
Let c = 27612 + -2923. What is the hundreds digit of c?
6
Suppose 0 = 230*m - 237*m + 57722. What is the thousands digit of m?
8
What is the ten thousands digit of 222 - -10730 - ((-34)/(-5) - 1/(-5))?
1
Let z be (-2)/(-1)*(11 + (-520)/(-16)). Let d = 1619 - z. What is the thousands digit of d?
1
Suppose 3*d - 30 = -3*l, -d + 4*d + 4*l = 33. Suppose c - 1016 = -d*c. What is the hundreds digit of c?
1
Let p be 743 + ((-14)/2)/(-1). Suppose 17*d - p = 16*d. What is the hundreds digit of d?
7
Suppose -7*r + 4*r = 0. Let q be -1 - (-8 + (2 - -2)). Suppose -6*w + q*w = -6, -m + 4*w + 94 = r. What is the tens digit of m?
0
Suppose -29*y + 27*y = -568. Let n = 184 + y. What is the units digit of n?
8
What is the units digit of (-315)/21 + 0 + 2116?
1
Let h be (3/6)/((-2)/(-32)). Suppose -317 = 7*p - h*p. What is the tens digit of p?
1
Let r(p) be the first derivative of p**3/3 + 3*p**2 + 3*p - 62. Suppose -23 - 19 = 2*q + 4*s, 0 = 2*q + 5*s + 45. What is the units digit of r(q)?
8
Let g = 7620 + -7012. What is the hundreds digit of g?
6
Let c(j) = -j - 23. Let b(l) = 1. Let i(z) = 2*z + 45. Let v(g) = -2*b(g) - i(g). Let w(f) = 11*c(f) - 6*v(f). What is the units digit of w(-20)?
9
Let i be (-8 + 9)*6/(-3 + 6). Suppose 1116 = i*p - 6. What is the tens digit of p?
6
Let z(u) = -u**3 - 11*u**2 - 15*u - 48. Let i be z(-10). What is the units digit of 1/i + (24913/14 - -12)?
2
Suppose 128*d - 127*d + 3*g = 62238, 5*d = -5*g + 311190. What is the ten thousands digit of d?
6
What is the thousands digit of 2985*(76/30 + (-5)/15 - 0)?
6
Suppose -524 = -57*k + 54*k + 2*m, -3*k = -4*m - 532. What is the hundreds digit of k?
1
Suppose a - 13 = -4*g, 5*a + 0 + 19 = g. Let w(y) = 4*y**2 - 2*y + 1. Let x be w(1). Suppose 0 = -5*h - 25, g*z + z = x*h + 1065. What is the units digit of z?
0
Suppose -4*u = 2*t - 9*u - 18626, -5*u + 30 = 0. What is the hundreds digit of t?
3
Let b(h) be the second derivative of -20*h**3/3 + 91*h**2 + 5*h - 26. What is the tens digit of b(-12)?
6
Let r = -218 - -95. Let y = r + 74. Let c = y + 183. What is the hundreds digit of c?
1
Suppose -4*o + 4*p = -236, -5*p = 2*o + 27 - 117. Suppose o = 51*v - 46*v. What is the units digit of (3 + v/(-4))*4*6?
6
Let k = -676 - -1977. What is the units digit of k?
1
Let u(m) = -2*m + 4*m**2 + 15 - 25*m + 35*m. Let i = -21 + 15. What is the tens digit of u(i)?
1
Let w = 496 + 1399. Suppose 39*s - w = 14836. What is the tens digit of s?
2
Let z(u) = -14*u**2 + u. Let f be z(2). Suppose 5*i + 188 = 2*s + 624, 5*i + 5*s = 450. Let a = i + f. What is the tens digit of a?
3
Suppose -8*j + 15*j = -245. What is the hundreds digit of 126/(-6)*1020/j?
6
Let w(q) be the first derivative of -23*q**4/4 - 2*q**3/3 - 3*q**2 - 2*q - 140. What is the units digit of w(-3)?
9
Let m = 17 + -5. Let w(z) be the first derivative of z**4/2 - 26*z**3/3 + 27*z**2/2 - 14*z + 2876. What is the tens digit of w(m)?
2
Suppose -9*q - 9*q + 139770 = 0. What is the tens digit of q?
6
What is the tens digit of 166/83 + (-2 - -5418)?
1
Let b = 28 - -161. Let h be ((-4)/3)/((-3)/b). What is the units digit of (5/(-3))/((-2)/h)?
0
Suppose 30353 = 3*c - 405*s + 406*s, c + 2*s = 10106. What is the hundreds digit of c?
1
Let r(b) be the third derivative of 0 - 1/3*b**3 + 0*b + 2/3*b**4 + 23*b**2. What is the tens digit of r(6)?
9
Suppose 0 = 4*c + 20, -39*s - 3*c = -42*s - 1191. Let f = s + 477. What is the tens digit of f?
7
Let q(v) = v + 21. Let b(i) = -4*i - 62. Let x(f) = -5*b(f) - 16*q(f). Let z be x(6). What is the tens digit of 3 + 145 + z/(-1)?
5
Suppose -2*h - 3*u + 1109 = 0, -4*h + 2223 = -78*u + 79*u. Let s = -132 + h. What is the units digit of s?
4
Suppose v - 89 = 3*p, -9*v + 7*v - 112 = 4*p. Let n